osite?
False
Is 9879187 a prime number?
False
Is 231204713 a composite number?
False
Is 2429767 a prime number?
True
Is 2543537 a prime number?
True
Is 62147285 a prime number?
False
Is 561238577 composite?
True
Is 677279 a prime number?
False
Is 15020923 a prime number?
False
Is 41720929 a prime number?
True
Is 8137763 a composite number?
False
Is 11852803 prime?
True
Is 19809869 a composite number?
True
Is 8669059 a composite number?
True
Is 76529539 composite?
False
Is 13645013 prime?
True
Is 153099482 a prime number?
False
Is 21714667 a composite number?
True
Is 73563493 prime?
True
Is 612347 composite?
True
Is 61593403 composite?
False
Is 10243729 composite?
False
Is 72634027 prime?
False
Is 72256571 composite?
False
Is 24079841 composite?
False
Is 2162177 a composite number?
False
Is 2047589 composite?
True
Is 103966609 a composite number?
False
Is 361190729 composite?
False
Is 403401031 a prime number?
False
Is 122009 prime?
False
Is 259130713 composite?
False
Is 31155242 prime?
False
Is 18502963 composite?
False
Is 40860097 composite?
False
Is 1154741 prime?
False
Is 1600493 a composite number?
True
Is 90934177 prime?
False
Is 1671894935 a prime number?
False
Is 30746981 composite?
False
Is 17925859 prime?
False
Is 12450787 a prime number?
True
Is 5445007 prime?
True
Is 7042989 prime?
False
Is 75696689 prime?
True
Is 2493973 a composite number?
True
Is 7139093 a composite number?
True
Is 360497 a composite number?
False
Is 3548753 prime?
False
Is 515930743 a composite number?
False
Is 3822019 composite?
True
Is 316058527 composite?
True
Is 174553153 a prime number?
False
Is 55487093 prime?
True
Is 33895547 a composite number?
True
Is 16363463 a composite number?
False
Is 2522149 prime?
False
Is 15229373 a composite number?
False
Is 3742919 composite?
False
Is 397234319 prime?
True
Is 3242041 prime?
False
Is 42399767 a prime number?
False
Is 299189677 prime?
True
Is 57595 a composite number?
True
Is 4664999 a composite number?
True
Is 15832949 prime?
False
Is 30872803 a composite number?
True
Is 215289509 a composite number?
False
Is 11853703 a prime number?
False
Is 25922353 composite?
True
Is 3403079 composite?
False
Is 6391963 a prime number?
True
Is 138211093 prime?
False
Is 128888719 a composite number?
False
Is 147056997 composite?
True
Is 677067151 a composite number?
False
Is 1234927 a composite number?
True
Is 33282833 a prime number?
False
Is 49070731 prime?
True
Is 25269667 composite?
True
Is 20697377 prime?
False
Is 582376433 a composite number?
True
Is 34621849 prime?
False
Is 2390197 composite?
False
Is 4338199 a prime number?
True
Is 60177877 prime?
False
Is 50728285 composite?
True
Is 50996807 a composite number?
False
Is 498053 a prime number?
True
Is 44620957 prime?
False
Is 1339297 a prime number?
True
Is 3542447 composite?
False
Is 118963633 prime?
True
Is 8610983 a composite number?
True
Is 78706301 a prime number?
True
Is 103110949 composite?
False
Is 105112429 composite?
True
Is 2145685 a prime number?
False
Is 24077923 prime?
False
Is 23777669 a prime number?
True
Is 26655731 a prime number?
False
Is 4328911 a prime number?
False
Is 3212927 composite?
False
Is 6273967 composite?
True
Is 601475177 a prime number?
True
Is 49341371 prime?
False
Is 399263 a composite number?
False
Is 39224755 prime?
False
Is 19746931 a prime number?
True
Is 49733179 a prime number?
False
Is 84786266 a prime number?
False
Is 550354781 prime?
True
Is 766679 a composite number?
False
Is 67401179 a prime number?
True
Is 84989483 prime?
True
Is 58576213 prime?
True
Is 298517267 prime?
False
Is 570893 composite?
True
Is 16480801 composite?
False
Is 17851421 composite?
True
Is 4034477 prime?
True
Is 143615921 a prime number?
True
Is 479735 a composite number?
True
Is 80235793 prime?
False
Is 43940783 a composite number?
True
Is 34139159 prime?
True
Is 416099 a prime number?
False
Is 22571467 composite?
False
Is 686291 prime?
False
Is 2232131 a prime number?
False
Is 14724029 a composite number?
False
Is 55396689 a composite number?
True
Is 23228863 a composite number?
True
Is 315913099 prime?
True
Is 3457466 a prime number?
False
Is 212369977 a prime number?
True
Is 2641411 a composite number?
False
Is 1540127 a prime number?
False
Is 89912257 a composite number?
True
Is 2046553 prime?
True
Is 5541983 a prime number?
False
Is 1953067 a composite number?
True
Is 496129 prime?
False
Is 305999 a prime number?
True
Is 332531957 a prime number?
False
Is 817109 composite?
True
Is 62377051 composite?
True
Is 332561 a prime number?
True
Is 24735437 a composite number?
False
Is 71795051 a composite number?
True
Is 13198361 prime?
False
Is 36626039 prime?
True
Is 49419199 a composite number?
True
Is 2661686 prime?
False
Is 171552397 a composite number?
True
Is 225895477 a composite number?
True
Is 58106513 a prime number?
True
Is 7717019 a prime number?
False
Is 15830131 composite?
False
Is 95905163 a prime number?
False
Is 46943123 composite?
False
Is 53449093 composite?
True
Is 1652171 a prime number?
True
Is 1011917 a composite number?
False
Is 3744163 a prime number?
True
Is 33777281 prime?
False
Is 2813231 composite?
True
Is 3945101 composite?
False
Is 18183233 composite?
False
Is 32068721 a composite number?
False
Is 1309501 composite?
False
Is 1320667 a composite number?
False
Is 3506761 a composite number?
True
Is 23514467 composite?
False
Is 9032539 prime?
True
Is 84001553 a composite number?
False
Is 61086631 a composite number?
True
Is 107668523 prime?
False
Is 3592099 composite?
True
Is 2956277 prime?
False
Is 53806409 composite?
True
Is 123603097 a prime number?
False
Is 79646437 a composite number?
True
Is 142777183 a prime number?
False
Is 9700409 composite?
True
Is 111973283 prime?
False
Is 372566 a composite number?
True
Is 156393113 prime?
True
Is 6423987 composite?
True
Is 64326662 a prime number?
False
Is 658573 a prime number?
True
Is 69721039 a prime number?
True
Is 25930873 prime?
True
Is 7619683 prime?
True
Is 80479442 a composite number?
True
Is 346209818 a prime number?
False
Is 954319 composite?
False
Is 5986867 a prime number?
True
Is 1813073 prime?
True
Is 36910721 a prime number?
True
Is 25361761 composite?
True
Is 55666537 a prime number?
False
Is 15791939 a prime number?
False
Is 1120811 prime?
True
Is 199894159 composite?
False
Is 40276823 a prime number?
True
Is 4726313 composite?
True
Is 81508445 composite?
True
Is 10926434 composite?
True
Is 159249529 a composite number?
False
Is 72687791 prime?
False
Is 18166537 prime?
True
Is 190903259 composite?
True
Is 6709301 composite?
True
Is 294431 composite?
False
Is 175089149 composite?
False
Is 69667097 prime?
True
Is 8285491 a prime number?
True
Is 1330997 composite?
False
Is 3403651 composite?
True
Is 914233181 composite?
False
Is 1017923 a prime number?
True
Is 379739 composite?
True
Is 15124061 prime?
True
Is 4985902 prime?
False
Is 36043901 a prime number?
True
Is 2171659415 prime?
False
Is 15187439 a composite number?
True
Is 23842909 composite?
False
Is 8738929 a composite number?
False
Is 118695949 composite?
True
Is 15955805 prime?
False
Is 209908247 a prime number?
True
Is 69157939 a composite number?
True
Is 82668373 composite?
True
Is 1191703 prime?
True
Is 1454141 a prime number?
False
Is 399030947 a composite number?
True
Is 6567934 a composite number?
True
Is 556841 prime?
True
Is 110939798 a prime number?
False
Is 2082809 prime?
False
Is 13472737 a composite number?
False
Is 64622161 prime?
False
Is 16989029 prime?
False
Is 5529443 prime?
False
Is 2871839 composite?
True
Is 657175723 composite?
False
Is 69730981 prime?
False
Is 6010237 prime?
True
Is 586151 a composite number?
True
Is 398305247 a composite number?
False
Is 103043959 a composite number?
True
Is 80442851 prime?
True
Is 13750651 a composite number?
True
Is 13845619 prime?
False
Is 4210777 composite?
True
Is 10185157 composite?
False
Is 1909159 prime?
False
Is 578009 composite?
True
Is 1369723 a prime number?
True
Is 12634607 prime?
True
Is 28001659 prime?
False
Is 1086077 a composite number?
True
Is 98430473 a composite number?
False
Is 8581379 a composite number?
True
Is 22753201 prime?
False
Is 1043897 composite?
False
Is 434593 a composite number?
False
Is 66401617 a composite number